)?
9
Suppose 30 + 2 = 2*s. Suppose -9*g - 98 = -s*g. Suppose 382 = 11*l - g. What is the tens digit of l?
3
Let f(g) = 2*g**2 - 24*g + 49. Let a be f(14). Let o be (16/10)/(42/a). Suppose p = d - 22, -9 + 43 = d - o*p. What is the tens digit of d?
1
Let u = 15 + -26. Let v = 15 - u. Suppose -r = -3*r + v. What is the tens digit of r?
1
What is the ten thousands digit of (4/(-5))/(4/(-63870))?
1
Suppose 160 = 2*s + 2*s. Suppose s = -6*x + x. Let l(y) = -16*y - 24. What is the units digit of l(x)?
4
Suppose 2259314 = 63*s + 362043 - 703621. What is the tens digit of s?
8
Suppose 5*y - 14 = -a, -3*y = -a + 4 - 6. What is the units digit of 93 + (9 - 7) + a?
9
What is the hundreds digit of (-3)/9 - (-7)/(-21)*14 - -26520?
5
Let j be (-3799)/3*-1 - (-2)/(-6). Suppose 3*q + 2*i = -758, i - j = 5*q + 5*i. Let t = 351 + q. What is the tens digit of t?
0
What is the thousands digit of (0 + 218)/(-6*(-1)/48)?
1
Suppose 0 = -2*l - 4, 2*l = 93*i - 91*i - 66298. What is the units digit of i?
7
Let t(a) = -a**2 + 8*a - 11. Let m be t(3). Suppose -4*q - m*q = -1432. What is the tens digit of q?
7
What is the tens digit of (120/(-100))/((-1)/6365)?
3
Let w be 46/((-3)/(-5) - (-221)/(-85)). What is the hundreds digit of (46/w)/(114/116 + -1)?
1
Let a be 2/4 + (-936)/(-48). Suppose 24*n - a*n = 740. What is the units digit of n?
5
Let v be 72*(25/5)/(-5). Suppose 5*z - 27 = 3*t, 2 - 1 = z - 5*t. What is the tens digit of v*-3*2/z?
7
Suppose 16*i - 183975 = -225256 + 1013953. What is the ten thousands digit of i?
6
What is the units digit of 7695 - (2/(-25) + 73/(-25))?
8
Suppose 0 = 4*h - 24*h + 55*h - 860685. What is the tens digit of h?
9
Let m(h) = 11*h + 21. Let c be m(-2). Let w(o) = -628*o**3 - o**2 - 2*o. What is the tens digit of w(c)?
2
What is the units digit of (33/(-154) + (-750228)/280)/((-1)/5)?
8
Suppose 2*w + 3 = 11. Suppose -3*c + w*f + 7 = 0, -6*f - 5 = -7*f. Let p(j) = 4*j**2 - 15*j - 8. What is the tens digit of p(c)?
8
Let h = -61 + 64. Suppose 3*w = 5*o + 457, -h*w = -2*o + 4*o - 464. Suppose -4*q - 3*b = -150, 5*q + b = q + w. What is the units digit of q?
9
Let l(f) = 66*f - 166. Let m = -376 - -385. What is the tens digit of l(m)?
2
Let b = -58 - -62. Suppose -448 = -b*u - 2*o, 4*o - 8*o - 121 = -u. What is the tens digit of u?
1
Suppose 70*m = 75*m + 2*q - 2616, -4*m + 2*q + 2100 = 0. What is the tens digit of m?
2
Suppose 5*h - 8*h + 22 = 5*v, -2*v = -5*h + 16. What is the units digit of (-2 + 10/h)/(7/1778)?
7
Let z(d) be the third derivative of d**5/60 - 7*d**4/12 - 13*d**3/2 + 14*d**2. Suppose -5*x = 3*q - 10 - 19, 10 = -2*x. What is the tens digit of z(q)?
3
Suppose 3*c - 29874 + 9975 = 0. What is the hundreds digit of (-4)/(-1)*(c/44 + 8)?
6
Let u = 96 + -145. Suppose 0 = 3*s + c + 348, 3*s - 4*c + 2*c + 339 = 0. Let n = u - s. What is the tens digit of n?
6
Let p(n) = 2*n**3 + 24*n**2 + 2*n + 23. Let r be p(-12). What is the units digit of (-2)/r*19/2*5?
5
Suppose -257 = 20*p - 917. Let h = -29 + p. Suppose -2*w + 4*w - 160 = 3*q, -h*q = 5*w - 400. What is the units digit of w?
0
Let f = 64017 - 7550. What is the thousands digit of f?
6
Let g = 4816 + 2327. What is the tens digit of g?
4
What is the units digit of 4575/(-366)*(3 + (-553 - 0))?
5
Let p be 136/40 + -3 - 46/(-10). Suppose -1450 = -3*n + 2*x - 3*x, -4*n = -p*x - 1965. What is the hundreds digit of n?
4
Let y = 9 + -6. Let d(w) = w**3 - 7 - 10*w**2 + 13 - y*w**2 - 19 + 3*w. What is the tens digit of d(13)?
2
Suppose 54 = 5*t + 29, 5*t = 5*k - 50990. What is the hundreds digit of k?
2
Let g(l) = -574*l**3 + l**2 + 7*l + 2. What is the thousands digit of g(-2)?
4
Let i = 269 + -144. Suppose 5*q - 230 = -3*y + i, 605 = 5*y - 5*q. Let o = -75 + y. What is the units digit of o?
5
Let h = -37 - -43. Suppose -2205 = h*t + 1431. What is the tens digit of t/(-8) + 9/(-12)?
7
Let k = 15902 + -9408. What is the units digit of k?
4
Suppose -32*q + 136178 = -56206. What is the thousands digit of q?
6
Suppose -k + 0*k + 3873 = 0. Suppose 0 = 13*z + k - 19096. What is the hundreds digit of z?
1
What is the units digit of (-53978)/(-4) + (-1253)/(-358)?
8
Suppose 0*p = 4*p - 20. Suppose p*b + 41 = k, -b - k - 49 = 4*b. What is the units digit of (-90)/(-4) - b/18?
3
Let s be ((-684)/(-81) + -8)*9. Suppose -8*q = o - 12*q - 1363, -s*o = -2*q - 5522. What is the units digit of o?
3
Let z(u) = 17*u**3 + 3*u**2 + 6*u. Let m be z(3). Let l be -2*((-8)/(-6))/(-2)*m. Suppose 11*o - 4*o - l = 0. What is the tens digit of o?
9
Let n(b) = 1075*b**3 - 3*b**2 - 2*b + 4. Let z = 195 + -194. What is the units digit of n(z)?
4
Suppose 2*q - q - 4*h - 5722 = 0, -5*q - 4*h = -28634. What is the thousands digit of q?
5
Suppose 16*t + 102050 = -22*t + 51*t. What is the hundreds digit of t?
8
Let m = 1187 + -843. Suppose -6*s + 8*s - m = 0. What is the tens digit of s?
7
Let f be 4 + -649 - (1 - (-3)/(-3)). Let a = f - -1258. Suppose 0 = -4*i + a + 223. What is the units digit of i?
9
Suppose 4*l + 8 = 24. What is the tens digit of 4214/129*90/l?
3
Suppose -7957 = -25*n + 10318. What is the units digit of n?
1
Let a be 2 - ((-12)/18)/(4/(-42)). Let v(w) = -25*w + 27. Let p be v(a). Suppose -5*n + 562 = p. What is the units digit of n?
2
Let s(u) = -5*u**2 - 4*u - 11. Let v(h) = -3*h**2 - 2*h + 1. Let g be v(1). Let o be s(g). What is the units digit of (-3639)/(-45) + (-10)/o?
1
Let d(n) = -n**3 + 93*n**2 - 175*n + 17. What is the thousands digit of d(90)?
8
What is the units digit of 715179/38 - 6/12?
0
Let z(h) = 3*h**2 - 122*h + 2696. What is the thousands digit of z(94)?
7
Let p(r) = 10*r**2 + 2*r + 1. Let l be p(-1). Let u(x) = x**3 - 3*x**2 - 17*x + 35. Let k be u(5). Suppose 10*v - l*v - 99 = k. What is the units digit of v?
9
Suppose -17*c + 73553 = 12353. What is the tens digit of c?
0
Let p be (2/8)/(5/60*1). Suppose -4*w = 2*l - 860, p*l - 422 = -6*w + 4*w. What is the units digit of w?
7
Suppose 4*k - 8 = -4. Suppose 0 = -x - 4*x + 10, 0 = -g - 2*x + 11. What is the units digit of (-61 - g)/(k*2/(-3))?
2
Let l(z) = 1556*z + 11493. What is the hundreds digit of l(36)?
5
Suppose -708*a = -372*a - 353*a + 580397. What is the units digit of a?
1
Let s be (-10 + 5 + -9)*5/(-10). Suppose 0 = -r - 4*y + 801, -y = 2*r - s*r + 4047. What is the hundreds digit of r?
8
Let m(u) = -u**3 + 7*u + 12. Let n(b) = 3*b**3 + b**2 - 21*b - 35. Let k(p) = -11*m(p) - 4*n(p). Let j be k(-6). Let a = 36 + j. What is the units digit of a?
4
Let j(l) = -7*l**3 + 249*l**2 - 46*l + 9. What is the units digit of j(35)?
9
Suppose 0 = 3*q - 4*p - p - 2590, p - 850 = -q. Suppose 0*k = -3*k + q. What is the units digit of k?
5
Let p = -359 - -359. Suppose -167*o + 175*o - 4128 = p. What is the hundreds digit of o?
5
Let m(x) be the first derivative of 2*x**2 - 8*x - 1. Let n(d) = -2*d**2 + 44*d - 191. Let s be n(15). What is the units digit of m(s)?
8
Let b(t) = 2*t**3 - 102*t**2 + 22*t - 42. What is the tens digit of b(52)?
1
Let o = -80 - -81. What is the hundreds digit of 52/o*(-1 - (-7 + 1))?
2
Let m(b) = 12*b + 12. Let n(g) = -23*g - 23. Let k(s) = -7*m(s) - 3*n(s). What is the units digit of k(-12)?
5
Suppose 68985 = 4*y - 5*n, 4*y - 358*n - 68955 = -359*n. What is the thousands digit of y?
7
Let q(s) be the second derivative of 2*s**3/3 - s**2 + 2*s. Let m be q(1). Suppose 0 = 3*t - 0*t - p - 332, 0 = m*t - p - 222. What is the units digit of t?
0
Let z = 269 - 259. Suppose -24*c + 588 = -z*c. What is the tens digit of c?
4
Let f be 7 + (-711)/99 + (-5834)/(-22). Suppose -2*n - 783 = -3*t, -n + f = t - 3*n. What is the hundreds digit of t?
2
Let b(h) = 4*h + 1. Let r be b(-4). Suppose -a = -2*n + 102, 23 = -2*n + 3*a + 137. Let c = n + r. What is the units digit of c?
3
Suppose -b - 12 = -4*q, -q + 2*b - 5 = -1. What is the hundreds digit of (q*1)/(98/12299)?
5
Let v(k) = k**3 - 2*k**2 - 5*k + 11. Let u be v(3). Suppose u*y - 690 = 3*y. What is the hundreds digit of y?
3
Let o = 33827 + -3177. What is the ten thousands digit of o?
3
Let a = 13209 - -48516. What is the tens digit of a?
2
Let f be ((-4)/8)/(5/(-60)). Suppose 3*o = 3*s - 108, 0 = -5*s - 0*s + o + 192. Let j = s - f. What is the units digit of j?
3
Let c = 5380 - -5035. What is the thousands digit of c?
0
Suppose 4*c + 307 = -165. Let q = 69 - 265.